 69. Suppose 5*n = 3*n + y. Is n a composite number?
False
Suppose -3594 - 241 = -5*r. Is r a composite number?
True
Let g = 483 + -334. Is g prime?
True
Suppose 3*r - j = j + 4857, -15 = -5*j. Is r a prime number?
True
Let o(w) = -82*w + 9. Let k be o(-7). Let z = k + -380. Is z prime?
False
Is ((-514)/5)/(4 - (-110)/(-25)) a prime number?
True
Suppose 0*q = -q + 3*m + 667, 5*m = 20. Is q prime?
False
Let a(d) = 3*d - 2. Let x be a(1). Is x*((-3 - 0) + 82) a prime number?
True
Suppose -15 = -4*m + 25. Suppose m = 5*f - 0. Is f prime?
True
Suppose -2*a - 150 = 5*u, 24 - 4 = -4*a. Let w be u/(-6)*(45 - -6). Is w/3 + 1/(-3) prime?
True
Let x = 306 - 95. Is x a prime number?
True
Let t = 0 + -3. Suppose -5 = -o - 2, -3*o + 12 = 3*a. Let k = a - t. Is k a composite number?
True
Suppose 3*c = 10*c - 2345. Is c a composite number?
True
Suppose 5*i + 281 = 4846. Is i a prime number?
False
Let p(s) = -107*s**3 - s**2. Let v be p(-1). Is (-1 + -1)/((-4)/v) composite?
False
Is (-4100)/(-16) + 3/4 composite?
False
Suppose 0 = 3*o + 2*b - 4, 3*o - 8 = 2*o - 2*b. Let j be (-116)/((2 + 0)/o). Let a = j - 61. Is a composite?
True
Suppose 5*l - 223 - 2542 = 0. Is l composite?
True
Suppose -j = 4*c + 4*j - 5, 2*j - 2 = 2*c. Suppose 4*n - 160 + 5 = -v, -2*v - 4*n + 318 = c. Is v prime?
True
Suppose 3*a = -3*b + 2373 + 4476, 5*b = 5*a - 11455. Is a composite?
False
Let n(z) = z**3 + 10*z**2 - 11*z + 9. Let f be n(-11). Is (-2)/3 - (-123)/f a composite number?
False
Let p(n) = 3*n**2 + 2*n**3 + 11 - n**2 - 23*n + 15*n. Is p(5) composite?
False
Suppose 5*r - 6 = -n, 16 = -4*n - 0. Suppose 4*y = 6 + r. Suppose -i = -y*i + 115. Is i prime?
False
Let y(a) = a**3 - 8*a**2 + 7*a + 2. Let p be y(7). Suppose 0 = j - 4*t - 4 + p, 4*j - t = 38. Let b = -3 + j. Is b a prime number?
True
Is (-856)/(-10) - (-8)/20 a prime number?
False
Let c(h) be the third derivative of -h**6/240 - h**5/24 - h**4/24 + 2*h**2. Let j(z) be the second derivative of c(z). Is j(-5) prime?
False
Let k = -13 - -6. Let s(x) = -x**3 - 4*x**2 + 10*x + 6. Is s(k) composite?
False
Let m(t) = -10*t + 17. Let d be m(-14). Suppose -5*g + 69 + 16 = 0. Suppose -4*o - g = -d. Is o composite?
True
Suppose 2*z - f - 816 = -4*f, z - 399 = 3*f. Suppose 3*u = 204 + z. Suppose -5*j + 1668 = u. Is j a composite number?
False
Suppose z + 0*k - 2*k = 12, -16 = 2*z + 4*k. Let x(j) = -7 + 3*j**2 - 2*j - j + z*j. Is x(6) composite?
True
Let a(g) = -g - 15. Suppose -2*f - 29 = -0*f + 3*r, 2*r + 31 = -3*f. Let j be a(f). Let c(s) = -s**3 - 8*s**2 - 5*s - 9. Is c(j) a composite number?
False
Is (-8)/14 - 0 - (-1578706)/434 a composite number?
False
Let w = 2893 - 1828. Suppose -2*u - w = -5*u. Is u a composite number?
True
Suppose 16*l - 4505 = 11*l. Is l composite?
True
Let w be 22 + (2 - 2) + -1. Is (0 - 8/(-12))*w prime?
False
Suppose 3*d = 5*n - 26 + 2, 5*n + 4*d = 3. Suppose -n*z = 2*z - 55. Is z a prime number?
True
Let u(s) = -s**2 - 6*s + 1. Let o be u(-6). Is (13 + 8)*o/3 prime?
True
Let o = -298 - -540. Let n = -3 - -7. Suppose o = -2*i + n*i. Is i prime?
False
Let v = 2835 - 1988. Let d = -510 + v. Is d prime?
True
Let h(y) = 9*y - 3*y**2 + y**2 + 10 + 3 + y**2. Let m be h(10). Suppose -d - 120 = -2*o, m*o + 4*d + 90 - 248 = 0. Is o prime?
False
Let t(r) = 757*r**2 - r - 1. Is t(1) composite?
True
Suppose -f + 297 = v + 6, 2*v + 3*f - 578 = 0. Is v a composite number?
True
Let i be (-110)/33*3/(-2). Let h(n) = n**3 + 2*n**2 - 3*n + 3. Is h(i) composite?
False
Let w(i) = i**3 + i**2 + i + 97. Is w(0) a composite number?
False
Suppose 3*g - y - 262 = 0, 0 = 4*g + 2*y + 3*y - 381. Is g a composite number?
False
Let l(b) = -b**3 + 9*b**2 + 12*b - 2. Let u be l(10). Let v = -36 + u. Let s = 91 - v. Is s composite?
False
Let y = 152 + 479. Is y a prime number?
True
Suppose -4*v = -2*v - 4. Is (1/v)/((-7)/(-1526)) prime?
True
Suppose 0 = 3*c - 669 - 534. Is c prime?
True
Suppose -15*o + 201 = -18*o. Suppose -2*x + 2*a + 694 = -7*x, -2*x - a = 278. Let k = o - x. Is k composite?
False
Suppose -4 - 5 = -3*g. Suppose -g*x + 197 - 59 = 0. Is x prime?
False
Is (7123/(-68))/((-2)/8) composite?
False
Let w(r) = -r**3 - 10*r**2 - 6*r - 11. Let d(o) = -o**3 - 19*o**2 - 12*o - 21. Let s(v) = 3*d(v) - 5*w(v). Is s(7) composite?
False
Suppose 154 = 2*n - 0*n. Is n a prime number?
False
Let y(p) = 154*p + 1. Is y(1) a composite number?
True
Let n(q) = -2*q**2 - 1 - q + 4*q**3 - 9*q**3 + 20*q**3. Is n(2) a composite number?
False
Suppose -5*y - 182 = 143. Let a = y + 91. Suppose -5 + a = p. Is p a prime number?
False
Let s(p) = 19*p**2 - 14*p + 6. Is s(-11) composite?
False
Suppose 24 = 6*p - 2*p. Suppose -f - p = -3*f. Is f composite?
False
Let p(k) = 2*k**2 + 4*k - 2. Let j be p(-4). Let v = 94 + j. Let a = v + -55. Is a a composite number?
False
Let s(m) be the third derivative of 35*m**4/24 + 2*m**3/3 + 3*m**2. Is s(3) a prime number?
True
Let b(z) = z**2 - z + 1. Is b(13) a prime number?
True
Let f(w) = 151*w**2 + 3*w + 13. Is f(7) a composite number?
False
Suppose -4*u = -5*t + t + 168, 3*t - 4*u = 125. Suppose k - 317 = -t. Is k composite?
True
Let g be 0 + 4 + -1 + 1. Let a(d) = 25*d - 6. Let z be a(7). Suppose 0 = -5*f - 4*j + z, 3*f + 0*j + g*j = 103. Is f a composite number?
True
Let w = -17 - -42. Is w prime?
False
Is (-5)/40*-2866*8 prime?
False
Let i(d) = 2*d**3 - 2*d**2 + 3*d - 7. Is i(6) a composite number?
True
Let l be 24/(-60) + 27/5. Suppose 3 = -l*u - 3*q + 173, -136 = -4*u + 4*q. Is u a composite number?
True
Suppose 5*w = 2*s - 1008, -s + 2*w + 2*w = -507. Is s a prime number?
True
Let p = 70 + -28. Suppose 2*a + p = 4*a. Is a composite?
True
Let p(g) be the second derivative of g**7/40 - g**6/360 + g**5/60 - g**4/24 - g**3/3 + g. Let c(a) be the second derivative of p(a). Is c(1) composite?
True
Let c(m) = m**3 - m**2 - m - 2. Is c(3) prime?
True
Let k be 2 + (0/(-1) - -9). Let u(n) = -5*n**3 + 15*n**2 - 4*n - 13. Let a(t) = 9*t**3 - 29*t**2 + 8*t + 25. Let d(z) = 4*a(z) + 7*u(z). Is d(k) prime?
True
Let g(j) = 2*j**2 - 6*j - 1. Let w(v) = -2*v**2 + 7*v. Suppose -4*c + 13 - 5 = 0. Let l(a) = c*w(a) + 3*g(a). Is l(-5) composite?
False
Suppose h - 6 = -0*h. Let z = h - -1. Is z composite?
False
Suppose -2*a = 8, 0*a = z + 5*a - 989. Is z composite?
False
Let f(h) = -49*h**3 - 3*h**2 + 2. Let v be f(-2). Suppose 3*k - 5*k = -v. Is k a composite number?
False
Let p(s) = -s**3 + s**2 + 93. Suppose v - 2*v = 0. Is p(v) composite?
True
Suppose 565 = -0*f + f. Is f a prime number?
False
Let y(z) = -7*z. Let h(k) = -2*k + 7. Let l be h(6). Is y(l) prime?
False
Let o = 28 + 129. Is o a prime number?
True
Let h(f) = -2*f**3 - 2*f**2 + f - 2. Let z be h(-2). Suppose -z*m = -0*m - 172. Is m a composite number?
False
Let n = 31 + -31. Let t(a) = -3*a**2 - 5*a + 98. Let g(c) = -c**2 - 2*c + 49. Let r(j) = 5*g(j) - 2*t(j). Is r(n) prime?
False
Is 4/10 + (-31122)/(-70) composite?
True
Suppose 0 = -5*g + 42 - 12. Is (-369)/(-15) - g/(-15) composite?
True
Let f(z) be the first derivative of -z**4/24 + 11*z**3/6 + z**2/2 - 1. Let d(s) be the second derivative of f(s). Is d(5) a prime number?
False
Suppose 0*t + 4*t - 2*p = 6, t + p - 3 = 0. Let u(c) = 0 - 5*c - 20*c + 5 + t*c. Is u(-6) composite?
True
Suppose y + 4*y - 1465 = 0. Is y composite?
False
Suppose 3*w = n + 5, 2*w + 15 = 7*w. Suppose -2*v = 4*i - 130, v = -4*i + n*v + 125. Suppose -u - i + 90 = 0. Is u composite?
True
Suppose -3*i + 2*y + 662 = 0, i - 4*y = 4*i - 638. Is i a prime number?
False
Suppose -3*x = -i + 30 + 58, i - 108 = -2*x. Suppose -2*a + 10 = -i. Is a prime?
False
Let o be (3*1)/(1 - 0). Suppose 0*g = o*g - 18. Is ((-4)/g)/(6/(-2763)) composite?
False
Suppose 747 = -2*r + 5*r. Let w = r + -134. Is w prime?
False
Let k(s) = -77*s**2. Let r be k(-1). Let y = r - -29. Let c = y - -87. Is c a composite number?
True
Let g = 103 + -84. Is g composite?
False
Is 6/2 - (3 - 9) a composite number?
True
Let d = 46 - -72. Is d composite?
True
Let t = -25 + 104. Is t composite?
False
Let x be (-1 + -609)*4/8. Let k = x + -7. Let y = -215 - k. Is y prime?
True
Suppose -y - f = -1, -5*f = 5*y - f - 10. Let r be (-4)/(-2) + y*-1. Is r/14 - 468/(-21) a composite number?
True
Let f be ((-132)/(-8))/((-1)/(-38)). Suppose -k + h + 80 + 78 = 0, h - f = -4*k. Is k a pri